late (-58 - (12 - 23)) + (6 - (-7 - -8) - 9).
-51
What is 9 + 12 + -7 + -51 - (44 - 24)?
-57
What is (13 - ((18 + -30 - -1) + 34)) + 73 + -2?
61
What is 56 + -15 + (14 - (-13 + 22)) + 9?
55
Calculate -7 - 0 - (-79 - -72) - (-7 + (-58 - 19)).
84
What is 5 + -3 + -13 + (-14 + 2 - -10) + -36?
-49
Calculate 15 + (25 + -23 - 27) + -1 + 44.
33
Calculate (-7 - (6 - 18)) + (21 - (-7 - -11)) + -8.
14
Calculate (-96 - 22 - -68) + -2.
-52
Calculate -37 - (-57 + 2 + 11).
7
Evaluate (33 - (-85 - -125)) + -95.
-102
What is the value of (2 + 37 + -20 - 9) + (4 - 3)?
11
Evaluate 108 + -10 + (-7 + -20 - -15 - -3).
89
Evaluate -31 + (-3 + (40 - 58) - (0 + -9)).
-43
-23 - 9 - 21 - -49
-4
Calculate 23 - (11 - -14) - (3 - -24).
-29
Evaluate (-172 - -243) + -6 + -38.
27
16 + (-649 - -611) + -15 + 1
-36
Evaluate -14 + (16 - 2) + -2 + 0 + -7 - -18.
9
What is (-7 - -3) + -8 + -45 + -26 + 26?
-57
Evaluate -3 + -2 + -1 + 11 + (-25 - (92 - 114)).
2
What is the value of (-17 + -25 - 16) + 39 + 4?
-15
What is the value of (-4 - (-12 - (10 + 12 + -43))) + 13?
0
What is 13 + (-8 - -12) + -5 + -28?
-16
What is the value of -1 + -109 + -2416 + 2398 + 12 + (3 - 3)?
-116
What is -27 - -2 - (-9 + 3 + (0 - -7) + 5)?
-31
What is -8 - (9 + -27) - (13 - -29 - 11)?
-21
(-8 - -106) + -122 - (-9 + 0 + -2)
-13
What is the value of 53 + (-15 - (3 - 10)) + 17 + -16?
46
What is the value of (-43 + -2 - (65 + -32)) + -1 + 14?
-65
(-23 + -47 + 53 - (-9 + 1)) + -32
-41
What is the value of (-1 - 1) + (6 - 0) + (-51 - -30) + -41?
-58
What is -133 - (-11 - (-59 - -131))?
-50
19 - -3 - (10 + -6 + (-4 - 3))
25
Calculate (8 - (-20 - -11)) + -3 + -60 + -2 + 9.
-39
What is the value of -8 - (-3 - -2) - (148 + -198)?
43
-8 + 2 + (14 - 8 - 4) + 39 + 19
54
What is the value of (-22 - 16) + (11 - 4)?
-31
-22 + -8 + 60 + -55 - -51
26
Evaluate 19 + (-58 - -28 - -21).
10
What is the value of 1 + -5 - (3 + (-8 - 2)) - (46 - 50)?
7
Calculate 31 - 0 - (-14538 - -14593).
-24
-1 + 72 + 5 + 7 + -19
64
Calculate 28 - (56 - (19 - 22)).
-31
What is (35 - 22) + -29 + 12 + -74?
-78
Calculate (-1 + 0 - -7 - 5) + (54 - (-11 + -4)).
70
Evaluate (-19 - -10) + -3 - 4 - 0.
-16
What is (-4 - (3 - 0 - -19 - 13)) + 136 + 9?
132
-31 - -19 - ((-5 - -61 - -4 - 9) + -1)
-62
(10 + -27 - 0) + (12 - 1) - (1 + -27)
20
What is (-8 + (-8 + 8 - 4) - (14 - 19)) + -26?
-33
What is the value of 4 + (1 - -2) + -4 - (-24 - (0 - 4))?
23
Evaluate (71 - 7) + (19 - 13 - 14) - (-13 - 0).
69
Evaluate (2 + (-9 - 1) - (42 + -110 + 57)) + -53.
-50
(39 - 2) + -345 + 358 + -8
42
What is -83 + 22 + -117 + 68?
-110
What is 584 + -596 + (-1 - (4 + 14))?
-31
Evaluate 46 + -5 + (29 - (36 + 1) - 10).
23
Evaluate (2 - 45) + -4 + 25 + (-28 - -14).
-36
What is the value of -18 - (-37 - 11) - -12?
42
Evaluate 4 - 22 - (-26 + (-13 - -22)).
-1
What is (3 - 1 - -57 - 67) + (-1 - (35 + -1))?
-43
What is the value of (-19 + 10 - 10) + 9 - 5 - 7?
-22
What is -126 + (32 + -8 + 7 - (132 - 112))?
-115
What is 118 + (-23 - 91 - -42)?
46
What is the value of 10 + -2 + -1 + 80 + -3?
84
What is the value of -63 + 44 + 19 + -23 + -5?
-28
What is the value of 1 + -1 + 7 + -3 - (-42 - (-21 + 3))?
28
Calculate 1548 - 1571 - (-3 - 42).
22
(22 - (-55 - -21)) + -11
45
8 + (-2 - (2 + 7) - 3) + 28
22
(-2 - (1 + 10)) + (32 - (35 + -12) - 86)
-90
What is (36 - 103) + (-4 - -45)?
-26
Calculate 90 + (46 - (205 - 96)).
27
Evaluate -43 + 20 + 7 + 16 + 38.
38
Calculate 9 + -1 - (-69 + 20 + 53).
4
What is 11 - 85 - -3 - -73?
2
Evaluate (-77 - (4 + -9)) + -12 + 11 + 4 - 13.
-82
Evaluate -21 + -21 + 57 + -17 + (8 - 4) + -24.
-22
14 + -15 + 17 - (1 - 16 - 35)
66
What is the value of (-10 - -1 - ((1 - 11) + 183 + -178)) + 78?
74
Evaluate 36 - (-41 - 10) - (-5 + (-6 - -9)).
89
Calculate (15 - -1) + (-21 - 3) - 105.
-113
Calculate 55 + 112 + -122 + (-6 - -2).
41
What is -245 + 14 + 215 + 0 + 29?
13
(21 - (-80 - -108)) + 4 + -43
-46
What is -17 - (145 - 116 - (23 - -1))?
-22
Calculate 71 + (-77 - -27) + 15.
36
Evaluate 16 + -7 + 16 + -19 + 41.
47
What is -11 - (-45 - (118 - 107))?
45
What is the value of (13 - 35) + 2 + (3 - (-2 + 6 - -4))?
-25
What is the value of 28 + (-136 - (-207 + 134))?
-35
(-78 - -1) + -3103 + 3201
21
What is 80 - 32 - 116 - -146?
78
Evaluate -35 + -43 + 28 + 19.
-31
What is 1 + -36 + (119 + -32 - 79)?
-27
What is 13 + 0 + (4 - (-38 + 41))?
14
What is the value of 87 - 10 - (-2 + 11) - 7 - 10?
51
Evaluate 284 - 305 - (-61 - 2) - (-2 + -11).
55
What is the value of (-18 - -3) + (18 - (-31 - 59)) - (1 + -1)?
93
What is the value of (-24 - 25 - -64) + -18?
-3
-359 - -358 - (11 - 4 - -74)
-82
Evaluate 0 + 4 - (12 + (-18 - -27) - -5).
-22
-47 + (-99 + 50 - -72)
-24
12 + 0 + 70 + -1 + (82 - (14 - -92))
57
What is the value of 39 - (-8 - ((-22 - 4) + -129))?
-108
Evaluate 19 + 126 - 175 - (-1 - -2).
-31
13 + (19 - (9 - (9 - -11)))
43
What is the value of (-8 - 0) + -19 + (36 - 29) + -49?
-69
What is -9 - (-1 + (37 - 22) - 25)?
2
What is 50 + (-33 - 2) + -19?
-4
Calculate 41 - (-78 + 137) - ((2 - 154) + 3).
131
What is the value of (-38 - -41) + 6 + -1 + (-17 - (-18 + 7))?
2
Evaluate (6 - 20) + 5 - (-8 - (5 + -39)).
-35
What is the value of 1 + (7 - (85 + -3 + 1 + 2))?
-77
Calculate (1 + 7 - (67 - 20)) + (-3 - 6).
-48
Evaluate -12 - (1 - 8 - (-1110 + 1064)).
-51
Evaluate (-3 - 5) + (9 - (-4 - -11) - (-19 + 33)).
-20
Evaluate (-20 - -2) + -141 + 165 + -92.
-86
Calculate ((12 - -7 - 32) + -6 - -9) + (-4 - 2).
-16
What is 0 - 73 - (130 - (112 + -16))?
-107
12 - (46 + -15 + -1 - 13)
-5
Evaluate 39 - (6 - 39 - -41).
31
What is the value of (-25 - 20 - -20) + -60 + 32?
-53
Calculate 1 + 1 - ((56 - 34) + -52 + (1 - -6)).
25
2 - 7 - (24 + 0 - 8)
-21
Evaluate 6 - 4 - (14 - (-9 + 17) - 30).
26
What is the value of -28 + 11 + 35 - (-17 + 39)?
-4
What is the value of 6 + -3 + ((-15 - -10) + -4 - -9) + -72?
-69
Evaluate -2 - 52 - (6 - 36).
-24
Calculate (8 - 1) + -95 + 12 + 77 + -18 + -2.
-19
Calculate (-8 - 1) + 148 + -118 + -33.
-12
Evaluate -67 - (109 - (219 - 3)).
40
-23 - (-13 + -19 - (-7 + (-20 - -10)))
-8
Evaluate (41 - -5 - (177 + -126)) + -61.
-66
What is 283 + -459 - (-17 - 79)?
-80
What is the value of 50 + (-11 + 107 - 113)?
33
Calculate -17 + 19 + -14 + 20 + -2.
6
-9 + -90 + 53 - (-128 + -16)
98
What is -12 - (12 + -2 - (112 - 90))?
0
What is the value of -48 - 1 - (767 + -790) - (13 + 0 + -3)?
-36
What is 70 + 53 + -24 + -38?
61
What is 6 - 17 - (56 + -15 + (32 - 11))?
-73
What is (-5 - 1) + -7 + (10 - -1) + 1?
-1
What is the value of (4 - -1) + 21 + -33 + (-2 - -8) + -67?
-68
-5 + -11 + (71 + -8 - 92)
-45
What is the value of 26 + -24 + -15 + 33?
20
What is 1 + -1 - (-6272 + 6275)?
-3
Evaluate -586 + 588 + (1 - (11 - 114)).
106
Calculate -12 - (-9 + ((0 - 2) + 15 - -8)).
-24
(-93 + 113 - (-7 + 41)) + -24
-38
12 + -78 + 32 + -19
-53
What is the value of -599 + 612 - (-28 - (-13 + 6))?
34
Evaluate -104 + 84 + (42 - 6).
16
1670 + -1645 - (-1 - -59)
-33
What is 241 - 150 - (51 - -5)?
35
What is 5 + -2 - (-28 - (-52 + 28))?
7
What is the value of -8 - (-38 + 19 - (-1 - 99)) - 11?
-100
1 - -14 - (-167 + (-136 - -196)) - (-1 + -7)
130
What is the value of (2 - 0) + 70 + -81?
-9
Calculate (-8 - (-2 - -7)) + 3 + 7 + -22 + -5.
-30
What is (-1 - 3 - 4) + (2 - 6) - -14?
2
Calculate -29 + 8 + (31 - 19 - (-4 - 1 - -32)).
-36
Calculate -160 - -108 - (-35 - -5).
-22
Evaluate (-18 - (-11 - 14) - (-1 - 3)) + -24 - -27.
14
Evaluate -52 + -14 - (-1 + (-6 - 6)).
-53
Calculate 23 + -48 + 53 - 27.
1
1 - ((3 - (24 + -14)) + 11)
-3
What is the value of 58 + -59 + 28 - 19?
8
Calculate (-7 - 23) + -418 + 481.
33
What is -53 - -22 - (-24 - 20)?
13
What is 64 - (69 + -69 - -46)?
18
What is 18 + (107 - 43) - 121?
-39
(-16 - 99) + 50 + -27 + 21
-71
What is the value of 27 - (-36 - -23) - 10?
30
What is -108 - (23 + -67) - -56?
-8
Calculate (-188 - -90) + 74 - -25.
1
-124 - (-36 + 2 + (-23 - -39))
-106
What is 10 - (-1 + 27 - (0 + -17 + 285 + -276))?
-24
Evaluate -118 + (24 + (24 - 30) + -17 - -15).
-102
What is 5 - 2 - (0 + (-42 - (6 + -35)))?
16
Calculate (-2 - (1 - 6)) + (-7 - -15) + -6.
5
Evaluate 5 + (-4 + -3 - (-14 + 18)) + 5 + 6.
5
What is the value of -45 - (-7 + 62 - 58)?
-42
What is the value of -67 - (8 - -17 - 27 - (7 - (4 + -3)))?
-59
Evaluate (565 - 480) + (-124 - -20).
-19
Calculate 7 + (7 - (